{"id":11,"date":"2025-04-22T15:02:27","date_gmt":"2025-04-22T13:02:27","guid":{"rendered":"https:\/\/fightmanclub.pl\/?page_id=11"},"modified":"2025-04-22T15:44:45","modified_gmt":"2025-04-22T13:44:45","slug":"o-klubie","status":"publish","type":"page","link":"https:\/\/fightmanclub.pl\/index.php\/o-klubie\/","title":{"rendered":"O klubie"},"content":{"rendered":"<style>.kb-row-layout-id11_68d018-19 > .kt-row-column-wrap{align-content:start;}:where(.kb-row-layout-id11_68d018-19 > .kt-row-column-wrap) > .wp-block-kadence-column{justify-content:start;}.kb-row-layout-id11_68d018-19 > .kt-row-column-wrap{column-gap:var(--global-kb-gap-none, 0rem );row-gap:var(--global-kb-gap-md, 2rem);max-width:var( --global-content-width, 1290px );padding-left:var(--global-content-edge-padding);padding-right:var(--global-content-edge-padding);grid-template-columns:minmax(0, calc(15% - ((var(--global-kb-gap-none, 0rem ) * 1 )\/2)))minmax(0, calc(85% - ((var(--global-kb-gap-none, 0rem ) * 1 )\/2)));}.kb-row-layout-id11_68d018-19{--breakout-negative-margin-right:calc( ( ( ( var(--global-vw, 100vw) - ( var( --global-content-width, 1290px ) - ( var(--global-content-edge-padding)*2 ) ) ) \/ 2 ) *-1) + -1px);--breakout-negative-margin-left:calc( ( ( ( var(--global-vw, 100vw) - ( var( --global-content-width, 1290px ) - ( var(--global-content-edge-padding)*2 ) ) ) \/ 2 ) *-1) + -1px);}@media all and (min-width:1290px){.kb-row-layout-id11_68d018-19 > .kt-row-column-wrap > .wp-block-kadence-column:nth-child(1 of *:not(style)):not(.specificity){margin-inline-start:var(--breakout-negative-margin-left);}.kb-row-layout-id11_68d018-19 > .kt-row-column-wrap > .wp-block-kadence-column:nth-child(2 of *:not(style)):not(.specificity){margin-inline-end:var(--breakout-negative-margin-right);}}.kb-row-layout-id11_68d018-19 > .kt-row-layout-overlay{opacity:0.30;}@media all and (min-width: 1025px){.kb-row-layout-id11_68d018-19 > .kt-row-column-wrap > .wp-block-kadence-column:nth-child(1 of *:not(style)){margin-inline-start:calc( var(--global-content-edge-padding) *-1 );}.kb-row-layout-id11_68d018-19 > .kt-row-column-wrap > .wp-block-kadence-column:nth-child(2 of *:not(style)){margin-inline-end:calc( var(--global-content-edge-padding) *-1 );}}@media all and (max-width: 1024px){.kb-row-layout-id11_68d018-19 > .kt-row-column-wrap{grid-template-columns:minmax(0, 1fr);}}@media all and (min-width: 768px) and (max-width: 1024px){.kb-row-layout-id11_68d018-19 > .kt-row-column-wrap:not(.kt-tab-layout-row) > .wp-block-kadence-column:nth-child(1 of *:not(style)){margin-inline-start:calc( var(--global-content-edge-padding) *-1 );}.kb-row-layout-id11_68d018-19 > .kt-row-column-wrap:not(.kt-tab-layout-row) > .wp-block-kadence-column:nth-child(2 of *:not(style)){margin-inline-end:calc( var(--global-content-edge-padding) *-1 );}}@media all and (max-width: 767px){.kb-row-layout-id11_68d018-19 > .kt-row-column-wrap{grid-template-columns:minmax(0, 1fr);}}<\/style><div class=\"kb-row-layout-wrap kb-row-layout-id11_68d018-19 alignfull has-theme-palette9-background-color kt-row-has-bg wp-block-kadence-rowlayout\"><div class=\"kt-row-column-wrap kt-has-2-columns kt-row-layout-right-golden kt-tab-layout-row kt-mobile-layout-row kt-row-valign-top kt-inner-column-height-full kb-theme-content-width\">\n<style>.kadence-column11_4a1209-11 > .kt-inside-inner-col{display:flex;}.kadence-column11_4a1209-11 > .kt-inside-inner-col,.kadence-column11_4a1209-11 > .kt-inside-inner-col:before{border-top-left-radius:0px;border-top-right-radius:0px;border-bottom-right-radius:0px;border-bottom-left-radius:0px;}.kadence-column11_4a1209-11 > .kt-inside-inner-col{row-gap:var(--global-kb-gap-none, 0rem );column-gap:var(--global-kb-gap-sm, 1rem);}.kadence-column11_4a1209-11 > .kt-inside-inner-col{flex-direction:row;flex-wrap:wrap;align-items:center;justify-content:flex-end;}.kadence-column11_4a1209-11 > .kt-inside-inner-col > *, .kadence-column11_4a1209-11 > .kt-inside-inner-col > figure.wp-block-image, .kadence-column11_4a1209-11 > .kt-inside-inner-col > figure.wp-block-kadence-image{margin-top:0px;margin-bottom:0px;}.kadence-column11_4a1209-11 > .kt-inside-inner-col > .kb-image-is-ratio-size{flex-grow:1;}.kadence-column11_4a1209-11 > .kt-inside-inner-col{background-color:var(--global-palette7, #EDF2F7);}.kadence-column11_4a1209-11 > .kt-inside-inner-col:before{opacity:0.3;}.kadence-column11_4a1209-11{position:relative;}@media all and (max-width: 1024px){.kadence-column11_4a1209-11 > .kt-inside-inner-col{flex-direction:column;justify-content:center;align-items:stretch;flex-wrap:nowrap;}}@media all and (max-width: 1024px){.wp-block-kadence-column.kb-section-dir-horizontal.kadence-column11_4a1209-11 > .kt-inside-inner-col > *{-webkit-flex:unset;flex:unset;}}@media all and (max-width: 1024px){.wp-block-kadence-column.kb-section-dir-horizontal.kadence-column11_4a1209-11 > .kt-inside-inner-col > .wp-block-kadence-infobox{align-self:unset;}}@media all and (max-width: 767px){.kadence-column11_4a1209-11 > .kt-inside-inner-col{flex-direction:column;justify-content:center;align-items:stretch;}}<\/style>\n<div class=\"wp-block-kadence-column kadence-column11_4a1209-11 kb-section-dir-horizontal kb-section-md-dir-vertical\"><div class=\"kt-inside-inner-col\"><style>.wp-block-kadence-advancedheading.kt-adv-heading11_d9e491-2b, .wp-block-kadence-advancedheading.kt-adv-heading11_d9e491-2b[data-kb-block=\"kb-adv-heading11_d9e491-2b\"]{max-width:300px;margin-right:0px;margin-left:auto;padding-top:var(--global-kb-spacing-lg, 3rem);padding-right:var(--global-kb-spacing-lg, 3rem);padding-bottom:var(--global-kb-spacing-lg, 3rem);padding-left:var(--global-kb-spacing-xxl, 5rem);text-align:right;font-size:var(--global-kb-font-size-xl, 3rem);font-style:normal;letter-spacing:1px;writing-mode:sideways-lr;text-orientation:sideways;}.wp-block-kadence-advancedheading.kt-adv-heading11_d9e491-2b mark.kt-highlight, .wp-block-kadence-advancedheading.kt-adv-heading11_d9e491-2b[data-kb-block=\"kb-adv-heading11_d9e491-2b\"] mark.kt-highlight{font-style:normal;color:#f76a0c;-webkit-box-decoration-break:clone;box-decoration-break:clone;padding-top:0px;padding-right:0px;padding-bottom:0px;padding-left:0px;}.wp-block-kadence-advancedheading.kt-adv-heading11_d9e491-2b img.kb-inline-image, .wp-block-kadence-advancedheading.kt-adv-heading11_d9e491-2b[data-kb-block=\"kb-adv-heading11_d9e491-2b\"] img.kb-inline-image{width:150px;vertical-align:baseline;}@media all and (max-width: 1024px){.wp-block-kadence-advancedheading.kt-adv-heading11_d9e491-2b, .wp-block-kadence-advancedheading.kt-adv-heading11_d9e491-2b[data-kb-block=\"kb-adv-heading11_d9e491-2b\"]{max-width:700px;padding-top:var(--global-kb-spacing-lg, 3rem);padding-right:var(--global-kb-spacing-xs, 1rem);padding-bottom:var(--global-kb-spacing-xs, 1rem);padding-left:var(--global-kb-spacing-xs, 1rem);writing-mode:horizontal-tb;text-orientation:mixed;text-align:center!important;}}<\/style>\n<h2 class=\"kt-adv-heading11_d9e491-2b wp-block-kadence-advancedheading has-theme-palette-3-color has-text-color\" data-kb-block=\"kb-adv-heading11_d9e491-2b\"><br><strong>O FIGHTMAN CLUB<\/strong><\/h2>\n<\/div><\/div>\n\n\n<style>.kadence-column11_ba8e86-59 > .kt-inside-inner-col{display:flex;}.kadence-column11_ba8e86-59 > .kt-inside-inner-col,.kadence-column11_ba8e86-59 > .kt-inside-inner-col:before{border-top-left-radius:0px;border-top-right-radius:0px;border-bottom-right-radius:0px;border-bottom-left-radius:0px;}.kadence-column11_ba8e86-59 > .kt-inside-inner-col{column-gap:var(--global-kb-gap-sm, 1rem);}.kadence-column11_ba8e86-59 > .kt-inside-inner-col{flex-direction:column;justify-content:center;}.kadence-column11_ba8e86-59 > .kt-inside-inner-col > .aligncenter{width:100%;}.kt-row-column-wrap > .kadence-column11_ba8e86-59{align-self:center;}.kt-inner-column-height-full:not(.kt-has-1-columns) > .wp-block-kadence-column.kadence-column11_ba8e86-59{align-self:auto;}.kt-inner-column-height-full:not(.kt-has-1-columns) > .wp-block-kadence-column.kadence-column11_ba8e86-59 > .kt-inside-inner-col{flex-direction:column;justify-content:center;}.kadence-column11_ba8e86-59 > .kt-inside-inner-col:before{opacity:0.3;}.kadence-column11_ba8e86-59{position:relative;}@media all and (max-width: 1024px){.kt-row-column-wrap > .kadence-column11_ba8e86-59{align-self:center;}}@media all and (max-width: 1024px){.kt-inner-column-height-full:not(.kt-has-1-columns) > .wp-block-kadence-column.kadence-column11_ba8e86-59{align-self:auto;}}@media all and (max-width: 1024px){.kt-inner-column-height-full:not(.kt-has-1-columns) > .wp-block-kadence-column.kadence-column11_ba8e86-59 > .kt-inside-inner-col{flex-direction:column;justify-content:center;}}@media all and (max-width: 1024px){.kadence-column11_ba8e86-59 > .kt-inside-inner-col{flex-direction:column;justify-content:center;}}@media all and (max-width: 767px){.kt-row-column-wrap > .kadence-column11_ba8e86-59{align-self:center;}.kt-inner-column-height-full:not(.kt-has-1-columns) > .wp-block-kadence-column.kadence-column11_ba8e86-59{align-self:auto;}.kt-inner-column-height-full:not(.kt-has-1-columns) > .wp-block-kadence-column.kadence-column11_ba8e86-59 > .kt-inside-inner-col{flex-direction:column;justify-content:center;}.kadence-column11_ba8e86-59 > .kt-inside-inner-col{flex-direction:column;justify-content:center;}}<\/style>\n<div class=\"wp-block-kadence-column kadence-column11_ba8e86-59 kb-section-sm-dir-vertical\"><div class=\"kt-inside-inner-col\"><style>.wp-block-kadence-advancedheading.kt-adv-heading11_351867-3b, .wp-block-kadence-advancedheading.kt-adv-heading11_351867-3b[data-kb-block=\"kb-adv-heading11_351867-3b\"]{padding-top:var(--global-kb-spacing-lg, 3rem);padding-right:var(--global-kb-spacing-lg, 3rem);padding-bottom:var(--global-kb-spacing-xxs, 0.5rem);padding-left:var(--global-kb-spacing-lg, 3rem);font-size:var(--global-kb-font-size-md, 1.25rem);font-style:normal;}.wp-block-kadence-advancedheading.kt-adv-heading11_351867-3b mark.kt-highlight, .wp-block-kadence-advancedheading.kt-adv-heading11_351867-3b[data-kb-block=\"kb-adv-heading11_351867-3b\"] mark.kt-highlight{font-style:normal;color:#f76a0c;-webkit-box-decoration-break:clone;box-decoration-break:clone;padding-top:0px;padding-right:0px;padding-bottom:0px;padding-left:0px;}.wp-block-kadence-advancedheading.kt-adv-heading11_351867-3b img.kb-inline-image, .wp-block-kadence-advancedheading.kt-adv-heading11_351867-3b[data-kb-block=\"kb-adv-heading11_351867-3b\"] img.kb-inline-image{width:150px;vertical-align:baseline;}<\/style>\n<h3 class=\"kt-adv-heading11_351867-3b wp-block-kadence-advancedheading has-theme-palette-3-color has-text-color\" data-kb-block=\"kb-adv-heading11_351867-3b\">Czym jest Klub Fightman?<\/h3>\n\n\n<style>.wp-block-kadence-advancedheading.kt-adv-heading11_c4c964-c4, .wp-block-kadence-advancedheading.kt-adv-heading11_c4c964-c4[data-kb-block=\"kb-adv-heading11_c4c964-c4\"]{padding-top:var(--global-kb-spacing-xxs, 0.5rem);padding-right:var(--global-kb-spacing-lg, 3rem);padding-bottom:0px;padding-left:var(--global-kb-spacing-lg, 3rem);font-style:normal;}.wp-block-kadence-advancedheading.kt-adv-heading11_c4c964-c4 mark.kt-highlight, .wp-block-kadence-advancedheading.kt-adv-heading11_c4c964-c4[data-kb-block=\"kb-adv-heading11_c4c964-c4\"] mark.kt-highlight{font-style:normal;color:#f76a0c;-webkit-box-decoration-break:clone;box-decoration-break:clone;padding-top:0px;padding-right:0px;padding-bottom:0px;padding-left:0px;}.wp-block-kadence-advancedheading.kt-adv-heading11_c4c964-c4 img.kb-inline-image, .wp-block-kadence-advancedheading.kt-adv-heading11_c4c964-c4[data-kb-block=\"kb-adv-heading11_c4c964-c4\"] img.kb-inline-image{width:150px;vertical-align:baseline;}<\/style>\n<p class=\"kt-adv-heading11_c4c964-c4 wp-block-kadence-advancedheading has-theme-palette-3-color has-text-color\" data-kb-block=\"kb-adv-heading11_c4c964-c4\">Jest dla nas czym\u015b wi\u0119cej ni\u017c tylko miejscem gdzie uczymy si\u0119 walczy\u0107. Fightman znaczy dla nas rodzin\u0119 i ci\u0105g\u0142y rozw\u00f3j. Na sali oczyszczamy g\u0142ow\u0119 ze zb\u0119dnych my\u015bli, uczymy si\u0119 walczy\u0107, dbamy o swoje cia\u0142o, \u015bwietnie sp\u0119dzamy czas. Fightman to miejsce gdzie cz\u0119sto rodz\u0105 si\u0119 przyja\u017anie, znajomo\u015bci i kontakty na ca\u0142e \u017cycie.<\/p>\n\n\n<style>.wp-block-kadence-advancedheading.kt-adv-heading11_3068b4-e8, .wp-block-kadence-advancedheading.kt-adv-heading11_3068b4-e8[data-kb-block=\"kb-adv-heading11_3068b4-e8\"]{padding-top:0px;padding-right:var(--global-kb-spacing-lg, 3rem);padding-bottom:var(--global-kb-spacing-xxs, 0.5rem);padding-left:var(--global-kb-spacing-lg, 3rem);font-size:var(--global-kb-font-size-md, 1.25rem);font-style:normal;}.wp-block-kadence-advancedheading.kt-adv-heading11_3068b4-e8 mark.kt-highlight, .wp-block-kadence-advancedheading.kt-adv-heading11_3068b4-e8[data-kb-block=\"kb-adv-heading11_3068b4-e8\"] mark.kt-highlight{font-style:normal;color:#f76a0c;-webkit-box-decoration-break:clone;box-decoration-break:clone;padding-top:0px;padding-right:0px;padding-bottom:0px;padding-left:0px;}.wp-block-kadence-advancedheading.kt-adv-heading11_3068b4-e8 img.kb-inline-image, .wp-block-kadence-advancedheading.kt-adv-heading11_3068b4-e8[data-kb-block=\"kb-adv-heading11_3068b4-e8\"] img.kb-inline-image{width:150px;vertical-align:baseline;}<\/style>\n<h3 class=\"kt-adv-heading11_3068b4-e8 wp-block-kadence-advancedheading has-theme-palette-3-color has-text-color\" data-kb-block=\"kb-adv-heading11_3068b4-e8\">Sk\u0105d bierze si\u0119 taki klimat?<\/h3>\n\n\n<style>.wp-block-kadence-advancedheading.kt-adv-heading11_bf6f0c-c3, .wp-block-kadence-advancedheading.kt-adv-heading11_bf6f0c-c3[data-kb-block=\"kb-adv-heading11_bf6f0c-c3\"]{padding-top:var(--global-kb-spacing-xxs, 0.5rem);padding-right:var(--global-kb-spacing-lg, 3rem);padding-bottom:var(--global-kb-spacing-sm, 1.5rem);padding-left:var(--global-kb-spacing-lg, 3rem);font-style:normal;}.wp-block-kadence-advancedheading.kt-adv-heading11_bf6f0c-c3 mark.kt-highlight, .wp-block-kadence-advancedheading.kt-adv-heading11_bf6f0c-c3[data-kb-block=\"kb-adv-heading11_bf6f0c-c3\"] mark.kt-highlight{font-style:normal;color:#f76a0c;-webkit-box-decoration-break:clone;box-decoration-break:clone;padding-top:0px;padding-right:0px;padding-bottom:0px;padding-left:0px;}.wp-block-kadence-advancedheading.kt-adv-heading11_bf6f0c-c3 img.kb-inline-image, .wp-block-kadence-advancedheading.kt-adv-heading11_bf6f0c-c3[data-kb-block=\"kb-adv-heading11_bf6f0c-c3\"] img.kb-inline-image{width:150px;vertical-align:baseline;}<\/style>\n<p class=\"kt-adv-heading11_bf6f0c-c3 wp-block-kadence-advancedheading has-theme-palette-3-color has-text-color\" data-kb-block=\"kb-adv-heading11_bf6f0c-c3\">Ka\u017cdy z osobna ma na to wp\u0142yw, na unikalny i przyjazny klimat panuj\u0105cy w naszym Klubie. Wiele indywidualnych osobowo\u015bci zebranych w jednym miejscu to mieszanka wybuchowa zapewniaj\u0105ca \u015bwietn\u0105 zabaw\u0119 podczas naszych trening\u00f3w.<\/p>\n\n\n<style>.kb-image11_9fd200-4a .kb-image-has-overlay:after{opacity:0.3;}<\/style>\n<figure class=\"wp-block-kadence-image kb-image11_9fd200-4a kb-image-is-ratio-size\"><div class=\"kb-is-ratio-image kb-image-ratio-land169\"><img loading=\"lazy\" decoding=\"async\" width=\"2020\" height=\"1347\" src=\"https:\/\/fightmanclub.pl\/wp-content\/uploads\/2025\/04\/IMG_9619-Kopiowanie.webp\" class=\"kb-img wp-image-54\" srcset=\"https:\/\/fightmanclub.pl\/wp-content\/uploads\/2025\/04\/IMG_9619-Kopiowanie.webp 2020w, https:\/\/fightmanclub.pl\/wp-content\/uploads\/2025\/04\/IMG_9619-Kopiowanie-300x200.webp 300w, https:\/\/fightmanclub.pl\/wp-content\/uploads\/2025\/04\/IMG_9619-Kopiowanie-1024x683.webp 1024w, https:\/\/fightmanclub.pl\/wp-content\/uploads\/2025\/04\/IMG_9619-Kopiowanie-768x512.webp 768w, https:\/\/fightmanclub.pl\/wp-content\/uploads\/2025\/04\/IMG_9619-Kopiowanie-1536x1024.webp 1536w\" sizes=\"auto, (max-width: 2020px) 100vw, 2020px\" \/><\/div><\/figure>\n<\/div><\/div>\n\n<\/div><\/div>","protected":false},"excerpt":{"rendered":"<p>O FIGHTMAN CLUB Czym jest Klub Fightman? Jest dla nas czym\u015b wi\u0119cej ni\u017c tylko miejscem gdzie uczymy si\u0119 walczy\u0107. Fightman znaczy dla nas rodzin\u0119 i ci\u0105g\u0142y rozw\u00f3j. Na sali oczyszczamy g\u0142ow\u0119 ze zb\u0119dnych my\u015bli, uczymy si\u0119 walczy\u0107, dbamy o swoje cia\u0142o, \u015bwietnie sp\u0119dzamy czas. Fightman to miejsce gdzie cz\u0119sto rodz\u0105 si\u0119 przyja\u017anie, znajomo\u015bci i kontakty&#8230;<\/p>\n","protected":false},"author":1,"featured_media":0,"parent":0,"menu_order":0,"comment_status":"closed","ping_status":"closed","template":"","meta":{"_kad_post_transparent":"disable","_kad_post_title":"hide","_kad_post_layout":"fullwidth","_kad_post_sidebar_id":"","_kad_post_content_style":"unboxed","_kad_post_vertical_padding":"hide","_kad_post_feature":"","_kad_post_feature_position":"","_kad_post_header":false,"_kad_post_footer":false,"_kad_post_classname":"","footnotes":""},"class_list":["post-11","page","type-page","status-publish","hentry"],"_links":{"self":[{"href":"https:\/\/fightmanclub.pl\/index.php\/wp-json\/wp\/v2\/pages\/11","targetHints":{"allow":["GET"]}}],"collection":[{"href":"https:\/\/fightmanclub.pl\/index.php\/wp-json\/wp\/v2\/pages"}],"about":[{"href":"https:\/\/fightmanclub.pl\/index.php\/wp-json\/wp\/v2\/types\/page"}],"author":[{"embeddable":true,"href":"https:\/\/fightmanclub.pl\/index.php\/wp-json\/wp\/v2\/users\/1"}],"replies":[{"embeddable":true,"href":"https:\/\/fightmanclub.pl\/index.php\/wp-json\/wp\/v2\/comments?post=11"}],"version-history":[{"count":5,"href":"https:\/\/fightmanclub.pl\/index.php\/wp-json\/wp\/v2\/pages\/11\/revisions"}],"predecessor-version":[{"id":58,"href":"https:\/\/fightmanclub.pl\/index.php\/wp-json\/wp\/v2\/pages\/11\/revisions\/58"}],"wp:attachment":[{"href":"https:\/\/fightmanclub.pl\/index.php\/wp-json\/wp\/v2\/media?parent=11"}],"curies":[{"name":"wp","href":"https:\/\/api.w.org\/{rel}","templated":true}]}}